t s(p) = p**3 + p**2 - 53*p - 132. Calculate s(-3).
9
Let r(o) = -921*o - 2780. Give r(-3).
-17
Let g(l) = -19*l**2 - 384*l - 75. Calculate g(-20).
5
Let x(n) = -83*n**3 - n**2 + 21*n - 22. Calculate x(1).
-85
Let w(m) = 10*m**2 - 465*m + 214. Give w(46).
-16
Let f(g) = 101*g + 94. What is f(1)?
195
Let c(v) = 10*v**2 + 8*v - 21. Give c(5).
269
Let r(i) = i**3 + 116*i**2 - 741*i - 1079. Calculate r(-122).
19
Let g(v) = -v**3 + 21*v**2 - 13*v - 414. Calculate g(19).
61
Let g(z) = z**2 + 15*z - 163. Give g(7).
-9
Let y(h) = 2*h**2 + 217*h + 5215. What is y(-72)?
-41
Let j(m) = -m**3 + 50*m**2 - 482*m + 70. Give j(37).
33
Let w(x) = 9*x**2 - 144*x - 2. Calculate w(16).
-2
Let a(k) = -k**3 - 10*k**2 - 17*k + 22. Determine a(-10).
192
Let u(z) = -35*z - 3741. What is u(-107)?
4
Let q(f) = 5*f**2 - 83*f - 334. What is q(20)?
6
Let n(c) = -c**3 - 13*c**2 + 73*c + 90. Determine n(-17).
5
Let d(f) = -5*f**2 - 319*f + 60. What is d(-64)?
-4
Let u(x) = 7*x**3 + 67*x**2 - 195*x + 25. Give u(-12).
-83
Let z(w) = -w**3 - 3*w**2 + 78*w - 28. Calculate z(-11).
82
Let n(y) = 20007*y + 160056. Give n(-8).
0
Let l(g) = -g**2 + 244*g - 481. What is l(2)?
3
Let v(r) = r**3 + 10*r**2 - 27*r - 1. Give v(2).
-7
Let m(o) = 2*o**3 - 99*o**2 + 65*o - 770. What is m(49)?
14
Let b(g) = 3*g**2 + 181*g + 148. What is b(-60)?
88
Let x(q) = -q**2 + 30*q + 442. What is x(-11)?
-9
Let g(p) = -1094*p + 5479. What is g(5)?
9
Let s(y) = -y**2 + 369*y + 4031. What is s(-11)?
-149
Let s(y) = -476*y + 954. What is s(2)?
2
Let w(o) = 1765*o + 61781. What is w(-35)?
6
Let k(i) = -i**2 - 37*i + 315. Calculate k(-41).
151
Let f(r) = 861*r + 11191. Calculate f(-13).
-2
Let q(x) = -63*x - 494. Determine q(-7).
-53
Let g(z) = -16*z**2 - 1287*z + 737. Give g(-81).
8
Let q(n) = -n**3 + 37*n**2 + 16*n - 84. Give q(37).
508
Let o(w) = -w**2 + 240*w + 8087. Determine o(-30).
-13
Let p(q) = 3*q**2 + 30*q + 60. Calculate p(-7).
-3
Let q(z) = -19*z**2 + z - 7. Give q(3).
-175
Let s(d) = 500*d - 54493. Determine s(109).
7
Let q(j) = 184*j - 8818. Determine q(48).
14
Let n(s) = 26*s**2 - 370*s + 52. Determine n(14).
-32
Let g(y) = -29*y**3 + 6*y**2 - 25*y - 56. What is g(-2)?
250
Let x(f) = -241*f - 2798. Calculate x(-11).
-147
Let p(a) = -3*a**2 - 136*a + 367. Determine p(-48).
-17
Let r(i) = 9*i**2 + 646*i - 132. Give r(-72).
12
Let r(t) = -7*t**2 + t + 13. Determine r(6).
-233
Let a(w) = 14*w - 922. Give a(70).
58
Let l(q) = q**3 + 6*q**2 - 431*q + 80. Give l(-24).
56
Let n(q) = -1654*q + 3315. What is n(2)?
7
Let r(q) = -375*q + 4099. Calculate r(11).
-26
Let f(v) = 4*v**3 - 713*v**2 + 886*v - 170. What is f(177)?
7
Let i(r) = 2*r**2 - 45*r - 1052. Give i(-14).
-30
Let k(h) = h**2 - 261*h + 1286. What is k(5)?
6
Let i(m) = -10*m**2 + 129*m. Determine i(13).
-13
Let t(d) = -d**3 + 181*d**2 - 4284*d + 12. Calculate t(28).
12
Let f(v) = v**3 - 24*v**2 + 52*v - 40. Give f(21).
-271
Let g(z) = -z**3 - 80*z**2 + 519*z + 248. Calculate g(-86).
-10
Let a(j) = -j**3 - 16*j**2 - 40*j + 2. Calculate a(-12).
-94
Let j(p) = -p**3 - 33*p**2 + 103*p - 25. Give j(-36).
155
Let r(d) = -46*d**3 - 10*d**2 - 8*d + 1. Calculate r(-1).
45
Let o(q) = -38*q - 1770. What is o(-47)?
16
Let f(d) = 4*d**3 - 25*d**2 - 11*d + 86. Calculate f(6).
-16
Let h(f) = -f**3 + 27*f**2 - 175*f - 22. Give h(16).
-6
Let c(x) = -3*x**3 - 2*x**2 + 4*x + 55. Calculate c(-6).
607
Let g(i) = i**3 + 6*i**2 - 6*i - 45. What is g(-5)?
10
Let p(t) = -238*t + 1186. Determine p(6).
-242
Let l(s) = -625*s - 17505. Give l(-28).
-5
Let x(l) = -6*l**3 - 40*l**2 - 41*l + 9. What is x(-6)?
111
Let p(q) = 8*q**2 + 145*q - 216. Calculate p(-20).
84
Let t(x) = -15*x + 166. Calculate t(21).
-149
Let q(y) = y**3 + 20*y**2 + 44*y - 190. What is q(-17)?
-71
Let a(y) = -1091*y + 62. Give a(0).
62
Let m(d) = -10*d + 221. Calculate m(19).
31
Let h(l) = 45*l + 366. What is h(-8)?
6
Let w(z) = z**3 + 11*z**2 - 202*z - 21. Calculate w(8).
-421
Let q(n) = n**3 - 34*n**2 + 43*n - 208. Determine q(33).
122
Let z(d) = -3*d**3 - 22*d**2 + 6*d + 101. Determine z(-8).
181
Let m(v) = v + 73. Give m(-18).
55
Let v(p) = p**3 - 68*p**2 + 250*p + 382. Give v(64).
-2
Let r(c) = -345*c + 1633. Give r(5).
-92
Let h(x) = -x**3 + 16*x**2 - 31*x + 40. Give h(14).
-2
Let g(i) = -41*i + 6222. Calculate g(152).
-10
Let x(p) = 14*p - 566. Determine x(55).
204
Let i(u) = 31*u - 1437. Determine i(47).
20
Let f(t) = -332*t + 2958. Determine f(9).
-30
Let r(b) = -2*b**2 - 5*b + 283. What is r(-13)?
10
Let h(c) = -83*c + 13118. Give h(158).
4
Let k(h) = -h**3 + 8*h**2 + 58*h + 88. Give k(13).
-3
Let p(m) = m**3 - 18*m**2 - 3*m + 180. Calculate p(17).
-160
Let v(k) = 2*k**2 + 24*k - 19. Calculate v(-13).
7
Let z(o) = -3*o**2 + 27*o + 565. Give z(19).
-5
Let r(i) = -3*i**3 + 3*i**2 + 13*i + 11. Give r(-5).
396
Let y(u) = -5*u**3 + 12*u**2 - 38*u + 47. Calculate y(5).
-468
Let h(v) = -v**3 - 16*v**2 + 135*v + 63. Calculate h(-22).
-3
Let o(d) = -22*d**3 + 5*d**2 + 17*d - 22. Determine o(1).
-22
Let t(f) = -8*f**3 + 2*f**2 + 10*f - 19. Give t(3).
-187
Let m(h) = h**3 + 139*h**2 - 719*h + 3. What is m(5)?
8
Let c(g) = g**2 - 2*g - 1515. Give c(40).
5
Let k(a) = 33*a**2 + 382*a + 123. Determine k(-11).
-86
Let c(l) = l**3 - 2*l**2 + 141*l - 1857. What is c(9)?
-21
Let c(h) = -h**3 + 12*h**2 - 8*h - 6. Calculate c(11).
27
Let m(f) = 8*f**3 - 19*f**2 + 3*f + 9. What is m(4)?
229
Let u(z) = 2*z**3 - 37*z**2 + 68*z + 156. Give u(16).
-36
Let p(m) = 3*m**2 + 31*m + 27. Give p(-10).
17
Let s(m) = -m**2 + 5*m + 45. Give s(13).
-59
Let a(g) = -g**3 + 28*g**2 - 6*g + 41. What is a(28)?
-127
Let w(a) = -255*a + 176. What is w(2)?
-334
Let b(z) = -z**2 - 131*z + 22116. Determine b(-228).
0
Let z(w) = 27*w + 589. Calculate z(-22).
-5
Let t(m) = 16*m + 183. What is t(-12)?
-9
Let a(n) = -71*n - 46. Give a(3).
-259
Let n(t) = 49*t**2 + 8086*t + 156. Determine n(-165).
-9
Let l(a) = -2154*a - 17248. Give l(-8).
-16
Let c(y) = -8*y + 85. Calculate c(-2).
101
Let o(q) = -3*q**3 + q**2 + 12*q + 83. Determine o(-5).
423
Let q(z) = -1420*z**2 + 7101*z - 4. Calculate q(5).
1
Let v(f) = 2*f**3 - 15*f**2 - 524*f + 4110. What is v(8)?
-18
Let k(l) = l**2 - 769*l - 41826. Calculate k(-51).
-6
Let h(q) = q**2 - 143*q - 190702. What is h(-371)?
-8
Let t(v) = 2*v**3 - 9*v**2 - 36*v - 1. Give t(9).
404
Let b(m) = -2*m**2 - 4*m + 91. What is b(-8)?
-5
Let c(l) = -108*l - 978. Calculate c(-9).
-6
Let p(t) = t**3 + 2*t**2 + t + 15. Calculate p(0).
15
Let s(t) = -t**3 - 41*t**2 + 130*t + 161. Determine s(-44).
249
Let f(k) = k**3 - 50*k**2 + 31*k + 886. Determine f(49).
4
Let d(n) = -21*n - 176. Give d(-4).
-92
Let v(k) = 2*k**2 + 1118*k - 3366. What is v(3)?
6
Let u(m) = -m**3 - 46*m**2 + 95*m - 34. Calculate u(-48).
14
Let p(s) = 2*s**3 + 61*s**2 + 365*s + 48. Calculate p(-8).
8
Let y(p) = -2*p**2 - 37*p - 162. What is y(0)?
-162
Let s(h) = -h**3 - 18*h**2 + 21*h + 644. Determine s(-17).
-2
Let h(i) = 18*i**2 - 241*i - 22. Determine h(14).
132
Let s(v) = -3*v**2 - 44*v - 12. Determine s(-15).
-27
Let t(s) = s**3 - 18*s**2 + 15*s - 26. Give t(16).
-298
Let k(q) = 11*q - 148. What is k(7)?
-71
Let c(h) = -216*h + 1975. Calculate c(9).
31
Let v(i) = i**3 - 137*i**2 + 1720*i + 21. Give v(14).
-7
Let t(r) = -117*r + 1643. Determine t(14).
5
Let z(s) = -2*s**3 + 71*s**2 + 31*s + 196. Give z(36).
16
Let l(o) = 205*o + 241. Give l(2).
651
Let m(s) = s**3 + 6*s**2 + s + 16. Give m(-6).
10
Let x(d) = -99*d - 1485. Calculate x(-15).
0
Let u(o) = -o**2 + 11*o - 36. Determine u(3).
-12
Let i(j) = j**3 - 12*j**2 - 158*j - 29. Give i(20).
11
Let g(p) = -p**3 + 13*p**2 + 41*p - 2. Give g(-3).
19
Let q(m) = -m**3 + 20*m**2 - 1040*m + 19391. Calculate q(19).
-8
Let l(a) = -a**3 - 113*a**2 + 968*a + 41. Determine l(8).
41
Let d(u) = 55*u**2 + 5722*u + 207. Determine d(-104).
-1
Let h(l) = 90*l**2 - 778*l - 295. Give h(9).
-7
Let n(k) = 10*k**2 - 10*k - 71. Determine n(-5).
229
Let g(q) = q**2 - 18*q - 90. Determine g(19).
-71
Let z(o) = o**3 - 4*o**2 - 28*o - 49. Determine z(-2).
-17
Let f(v) = v**2 + 7*v - 7. What is f(7)?
91
Let m(y) = -y**3 + 7*y**2 + 15*y + 26. Calculate m(9).
-1
Let b(g) = -g**2 - 47*g - 32. Calculate b(-47).
-32
Let j(w) = -w**3 + 9*w**2 - 45*w + 289. Give j(8).
-7
Let k(y) = 3*y**2 + 3*y - 22. Determine k(-6).
68
Let i(